8257469 composite?
False
Is 10834097743 a prime number?
False
Is 1757384399 a prime number?
True
Is 2328441238 a composite number?
True
Is 4586297623 a prime number?
False
Is 264880678999 a composite number?
False
Is 3302310017 a prime number?
True
Is 96659130851 composite?
True
Is 16302647687 prime?
False
Is 88312735373 a composite number?
True
Is 5516726197 a composite number?
False
Is 17800378807 a composite number?
False
Is 861444347 a prime number?
True
Is 145744629089 a prime number?
True
Is 12244449113 a composite number?
True
Is 201324859 composite?
True
Is 4257547883 a composite number?
True
Is 1519171597 prime?
False
Is 1563407513 a prime number?
True
Is 28914272069 prime?
True
Is 38330850377 a composite number?
True
Is 33604143149 a prime number?
True
Is 675428393 a composite number?
False
Is 72426001553 prime?
True
Is 297138553 prime?
False
Is 87717165763 composite?
True
Is 418186193 a composite number?
False
Is 286262939 a composite number?
False
Is 3526142981 a prime number?
True
Is 5965155019 a composite number?
True
Is 27974969129 a composite number?
True
Is 6235686461 composite?
False
Is 236826407 a composite number?
False
Is 90709957999 prime?
True
Is 125920158101 prime?
False
Is 203858293 prime?
True
Is 1727466071 a composite number?
False
Is 516660757 a prime number?
False
Is 2678314187 composite?
True
Is 1511831021 a composite number?
False
Is 14528702807 composite?
True
Is 126496681 composite?
False
Is 184251209 a composite number?
True
Is 9525886339 prime?
False
Is 93090269683 a composite number?
True
Is 310739215 a composite number?
True
Is 392116477 composite?
False
Is 7735771339 prime?
True
Is 47813039 a prime number?
False
Is 2138527 a composite number?
False
Is 11062716879 prime?
False
Is 2045308619 a prime number?
False
Is 4699227847 a prime number?
False
Is 48231192323 composite?
True
Is 4335452351 a prime number?
True
Is 136978409 a prime number?
False
Is 734062853 prime?
False
Is 93512189 composite?
True
Is 97461154069 a prime number?
False
Is 575691527 composite?
True
Is 71261142517 prime?
False
Is 4927163237 a prime number?
True
Is 40940051567 composite?
False
Is 606581653 a composite number?
True
Is 9629907821 composite?
False
Is 680465819 a composite number?
True
Is 92045579 composite?
False
Is 3682429 composite?
False
Is 237082121 composite?
False
Is 5086714027 a prime number?
True
Is 29963111419 prime?
False
Is 3156622289 a prime number?
False
Is 645695815 composite?
True
Is 4219079933 prime?
False
Is 6280991131 a composite number?
True
Is 2584015957 a prime number?
False
Is 36508109973 a prime number?
False
Is 303215789 prime?
False
Is 22993205045 a composite number?
True
Is 37152451307 a prime number?
True
Is 24591640201 a composite number?
False
Is 52046289073 a prime number?
False
Is 572599477 prime?
True
Is 1661907139 prime?
True
Is 213783287 composite?
True
Is 8359788191 a prime number?
True
Is 35623493 a prime number?
True
Is 960371 prime?
False
Is 2953219 prime?
True
Is 2279135809 composite?
False
Is 391307867 a prime number?
True
Is 1814545189 prime?
True
Is 14819873 a composite number?
False
Is 995556997 a prime number?
False
Is 22218153563 prime?
True
Is 9395017523 a composite number?
True
Is 1783661839 a composite number?
False
Is 2344864189 a composite number?
True
Is 5571138739 a prime number?
True
Is 42053358469 composite?
True
Is 3983318081 composite?
False
Is 257927003 a composite number?
False
Is 2912315437 a composite number?
True
Is 7366951457 a prime number?
True
Is 3390325945 composite?
True
Is 20691053 a prime number?
False
Is 7742823545 prime?
False
Is 88996738849 a prime number?
False
Is 1894344623 a prime number?
True
Is 27120510257 composite?
False
Is 87149247233 composite?
False
Is 157815740593 a prime number?
False
Is 35993642147 a prime number?
True
Is 1285978513 a prime number?
True
Is 9551717963 composite?
False
Is 16915319 a composite number?
False
Is 123471806281 composite?
True
Is 6833900587 a composite number?
False
Is 36053359663 a composite number?
True
Is 106647131609 a composite number?
True
Is 68232431719 a composite number?
False
Is 25725907034 composite?
True
Is 94765746127 composite?
True
Is 1682339383 a prime number?
True
Is 182030851 a prime number?
False
Is 2972552819 a composite number?
False
Is 146427847934 prime?
False
Is 4315691229 composite?
True
Is 8388823847 prime?
True
Is 158790409 composite?
False
Is 15860439141 a prime number?
False
Is 84025222843 a composite number?
False
Is 831631783 a composite number?
True
Is 3357192911 composite?
True
Is 6843888347 composite?
True
Is 5639325277 a prime number?
False
Is 1822550137 a composite number?
False
Is 3699904699 a composite number?
False
Is 22818540707 composite?
False
Is 2142866917 a prime number?
False
Is 159745547803 a prime number?
False
Is 30847699943 composite?
False
Is 2946224711 composite?
True
Is 21498998291 composite?
False
Is 48375515291 a prime number?
False
Is 823002637 composite?
False
Is 1242535379 prime?
False
Is 7004170819 composite?
False
Is 4089218591 a composite number?
False
Is 713831778181 a composite number?
False
Is 2505677861 composite?
False
Is 2778955823 prime?
False
Is 408043897 a composite number?
True
Is 722427527 a prime number?
True
Is 99073591 a composite number?
True
Is 25619438959 a composite number?
False
Is 19169537591 prime?
True
Is 4234116083 prime?
True
Is 99965277071 composite?
True
Is 7431140833 composite?
False
Is 870157777 a prime number?
True
Is 17445628295 prime?
False
Is 5145802741 a composite number?
True
Is 1015226761 prime?
True
Is 1817106769 composite?
False
Is 757711334 composite?
True
Is 913987037 a composite number?
True
Is 2509947413 a prime number?
False
Is 4640029697 composite?
False
Is 158152789 prime?
False
Is 32551419623 a composite number?
False
Is 77279483 a prime number?
True
Is 38775797 composite?
False
Is 10127245343 a composite number?
False
Is 297059197 a prime number?
False
Is 432858821 composite?
False
Is 185655482587 prime?
False
Is 426306499 a prime number?
True
Is 3823080689 prime?
True
Is 48741145931 a composite number?
False
Is 932177503 composite?
True
Is 12230806751 a composite number?
True
Is 47725500073 composite?
False
Is 7782237709 composite?
True
Is 32948411141 a composite number?
True
Is 10376679163 a prime number?
True
Is 182627879 composite?
True
Is 30101527865 a prime number?
False
Is 1466792663 prime?
False
Is 11129554819 composite?
False
Is 234429058 a prime number?
False
Is 4805197699 a composite number?
False
Is 76870319 prime?
True
Is 3109668047 a prime number?
False
Is 293164817 composite?
True
Is 16767811 prime?
False
Is 52191367511 a composite number?
False
Is 79499009257 prime?
True
Is 12992826607 a prime number?
True
Is 31870889 a prime number?
False
Is 5019686027 composite?
False
Is 47272080017 composite?
True
Is 642931669 composite?
False
Is 135655043 prime?
True
Is 67565029 a prime number?
False
Is 14648581 a prime number?
True
Is 51965132717 composite?
False
Is 80195515429 composite?
True
Is 7083966049 a composite number?
True
Is 12440499263 a composite number?
False
Is 93384193 a composite number?
True
Is 30303356771 prime?
False
Is 202756004558 a composite number?
True
Is 9016496843 a composite number?
False
Is 13800649189 a composite number?
False
Is 64151490323 a prime number?
False
Is 167928377 composite?
False
Is 3436415141 a prime number?
True
Is 1941556171 composite?
True
Is 11620773221 a composite number?
False
Is 38235695999 a composite number?
False
Is 1087621967 a prime number?
True
Is 4388368981 prime?
True
Is 7591333143 composite?
True
Is 943965359 prime?
True
Is 2834408713 prime?
True
Is 1685157641 a composite number?
False
Is 12997651 a prime number?
True
Is 18027021499 a prime number?
False
Is 14993257289 a prime number?
True
Is 759551269 a composite number?
True
Is 641850493 composite?
True
Is 18989185309 a prime number?
False
Is 70175653 prime?
False
Is 122870426521 composite?
True
Is 7641718261 prime?
False
Is 161223917 prime?
True
Is 228087817 a prime number?
True
Is 3034159679 a prime number?
False
Is 22349462279 composite?
False
Is 21625658419 prime?
True
Is 39850546251 a composite number?
True
Is 15822607807 a composite number?
True
Is 1413626971 prime?
False
Is 60254585 prime?
F